ghest common factor of 276 and y?
12
Let i(f) = -5*f**3 - 7*f**2 - f - 5. Let x be i(-3). What is the highest common divisor of 70 and x?
70
Suppose 5*z - 2*i + 9 = 59, 2*z + 2*i = 20. Suppose 5*c - 3*q = 434, -437 = -5*c - 3*q + 7*q. Let a = 155 - c. Calculate the highest common factor of z and a.
10
Suppose -3420 = -4*i - 5*g, 3*i + 71*g - 2560 = 66*g. What is the highest common divisor of i and 20?
20
Suppose -p + 1 = 3*b - 81, -4*p - 2*b + 348 = 0. Calculate the highest common factor of 44 and p.
44
Suppose -26 = -3*h + 2*d + 23, -d = -4*h + 57. Calculate the highest common factor of h and 52.
13
Suppose 596 = 35*y - 1189. What is the greatest common divisor of 272 and y?
17
Suppose -2*x = -3*x + 2*g + 197, -x = 5*g - 169. Calculate the greatest common factor of 147 and x.
21
Let v = 19 + -14. Let d(w) = -w**2 + 7*w + 2. Let p be d(v). What is the highest common factor of 84 and p?
12
Suppose u + 46 = -0*u. Let y = u - -54. Calculate the greatest common divisor of 2 and y.
2
Suppose -3*v + 7 + 2 = 0. Suppose -5*r = -v*g + 169, 3*r - 170 = -5*g + 123. Calculate the greatest common divisor of g and 29.
29
Suppose 0*p + p - 15 = -b, -b + p + 7 = 0. Let r be (2/(-4))/(3/(-330)). What is the highest common divisor of r and b?
11
Suppose -t + 4*j = t + 2, -t - 16 = -5*j. Let u be (1 - t)*(-70)/8. Let p be 2/(42/(-70)*1/(-3)). Calculate the highest common factor of p and u.
10
Suppose -923 + 715 = -8*l. Let w(o) = 8*o**2 - 4*o + 2. Let p be w(2). Calculate the greatest common divisor of l and p.
26
Let m = -168 - -88. Let a = m + 117. Let b = a + -4. Calculate the highest common factor of b and 11.
11
Let w(q) = q**3 - q**2 + 3*q. Suppose -5*r - u = -5*u - 27, 3*r = -3*u. Let t be w(r). Let j = -5 - -8. Calculate the greatest common divisor of j and t.
3
Let w = -338 - -345. What is the highest common divisor of 126 and w?
7
Let u = 97 - 13. Suppose x = -0*x - 14. Let y = -2 - x. What is the greatest common divisor of y and u?
12
Suppose -21*s = -22*s + 6. Suppose s*f + f = 476. What is the highest common factor of f and 17?
17
Let w be 3960/63 - 1/(-7). Calculate the greatest common factor of w and 1071.
63
Let u(b) = b**3 + 21*b**2 - 23*b - 2. Let p be u(-22). Let k be (6 + 0 + 0)*1. Suppose p = -2*y + k*y. What is the greatest common divisor of 25 and y?
5
Let n be (15/5 - -6)*24. Calculate the highest common factor of n and 54.
54
Let v be (3 - 0)*((-10)/(-6) + 4). Let d be -11 + 11 - (-173 + 0). Let l = 326 - d. Calculate the greatest common divisor of l and v.
17
Let f(u) = 35*u - 8. Let k be f(4). Suppose 11 = -x + k. What is the greatest common factor of x and 11?
11
Suppose 265 + 1035 = 10*n. What is the highest common divisor of n and 20?
10
Let k(g) = g**3 - 11*g**2 + 17*g + 21. Let f be k(9). What is the highest common factor of 1668 and f?
12
Suppose 77 - 1 = 4*o - 2*s, -s + 25 = o. Suppose -2*a = 2*a. Suppose 4*y + a*y - 58 = t, 0 = 4*y - 4*t - 64. What is the greatest common divisor of o and y?
7
Let u = -2 - -6. Suppose 2*b + 8 = 0, 2*b = u*h - 2*b - 32. Suppose -h*s + 60 = s. What is the greatest common factor of 18 and s?
6
Suppose q = -t - 3, -q = -t + 2*q + 17. Let z = 69 - 68. Suppose 0 = -5*f + a + 11, f + 5*a - 2*a + z = 0. What is the highest common divisor of t and f?
2
Let z(f) = -4*f**2 + 5*f + 14. Let m be z(-2). Let p be (-64)/m + 16/24. Calculate the greatest common divisor of 27 and p.
3
Let c = -45 - -56. Let k(t) = t**2 - 12*t + 5. Let r be k(14). What is the highest common factor of c and r?
11
Suppose b - 3 - 8 = 0. Suppose -b*d + 9*d - 14 = 0. Let t be (d - -4) + (12 - 0). What is the highest common divisor of t and 9?
9
Let z = -124 - -175. Suppose 16*r + 22 = -p + 11*r, -r = 5. What is the greatest common factor of p and z?
3
Suppose -4*c = -c + 114. Let q be c/(-14) + (-14)/(-49). Suppose -q*l + 48 = -69. What is the highest common factor of 13 and l?
13
Let b be 7/((-21)/(-324))*(-42)/(-12). What is the greatest common divisor of b and 14?
14
Let j(l) = l**3 + 19*l**2 - 20*l + 39. Let w be j(-20). What is the greatest common factor of 221 and w?
13
Suppose 1040 = 5*f + 5*m, -6*f + 10*f - 811 = 3*m. What is the greatest common factor of 5 and f?
5
Let a = -2996 + 1904. Let n be 6/(-15) + a/(-30). What is the highest common factor of n and 12?
12
Suppose 134 = 7*n - 1756. Calculate the greatest common factor of n and 60.
30
Let g(k) = -k**2 + 2. Let o be g(3). Let a = o + 25. Suppose 45*u - 4*z = 47*u - 316, -2*u = -z - 326. What is the greatest common factor of a and u?
18
Let v be 8*1/12 + (-658)/(-3). What is the highest common divisor of v and 99?
11
Let u be (24/(-2))/(2/2). Let a(v) = -2*v**3 + 5*v**2 - 2*v - 2. Let x be a(2). Let b = x - u. Calculate the greatest common factor of b and 70.
10
Suppose q + 2*z - 59 = 0, -3*z - 36 - 246 = -5*q. What is the greatest common factor of 1273 and q?
19
Let i be -5*2*12/(-15). Let c = i - -4. Let x(p) = -p**2 - 18*p + 19. Let m be x(-17). Calculate the highest common divisor of c and m.
12
Let l be 1 - 1 - (-2 + 0). Suppose -135 = -l*h + 95. Calculate the highest common factor of h and 23.
23
Let q(v) = v**3 - 10*v**2 + 2*v - 4. Let w be q(10). Let u be (-12)/w*(62 - 2). Let x = u - -72. What is the highest common divisor of x and 54?
27
Let x(w) = 15*w**2 + w + 1. Let u be (-16)/12*(2 - (-7)/(-2)). Let h be x(u). What is the highest common factor of 9 and h?
9
Let k = -6 + 0. Let v be k*(-5)/((-60)/(-8)). Let w be v - 66/(-5 + 2). Calculate the greatest common factor of 13 and w.
13
Suppose -b + 4*b + 69 = 0. Let k = 37 - 5. Let g = k + b. What is the greatest common factor of g and 99?
9
Suppose 2*i - 5*t = 93, 0*i - 5*i + 5*t = -240. What is the highest common factor of 7 and i?
7
Let p = -32 - -17. Let d be (4/(-6))/(2/p). Let i(q) = -q**2 - 28*q - 132. Let s be i(-17). Calculate the greatest common divisor of d and s.
5
Suppose 0 = f - 5*p - 35, -5*f + 9*f = p + 45. Suppose -4*y = -3*d - 289, -6 = -2*y - 3*d + 125. What is the greatest common factor of f and y?
10
Let t be ((-1)/(-1))/(-2)*4. Let d = 1 - t. Let z = -9651 - -9654. Calculate the highest common divisor of d and z.
3
Let b be ((-16)/12)/(2/6). Suppose -8*w + 63 = -1. Let k = w - b. What is the greatest common divisor of k and 6?
6
Let g be (-20)/40*(0 - 8). Suppose 7 = g*x - 5. Suppose -4*f = o - 2*f - 25, 5*f + 119 = 3*o. What is the greatest common divisor of x and o?
3
Let w be (-7 + 4)*((-28)/3 + -2). Let g = w - 20. Let t(x) = -x**3 - 2*x**2 - x + 4. Let c be t(-6). What is the highest common divisor of c and g?
14
Suppose 723 = 2*g - 5*p, 732 = 2*g + 3*p + p. Calculate the highest common divisor of g and 56.
28
Let b be 3*52/12*6. What is the greatest common divisor of 12 and b?
6
Let v be 56/8*(1 + (-555)/(-21)). Calculate the highest common factor of 48 and v.
48
Let c be ((-5)/10)/((-2)/(-24)). Let r = c + 16. Suppose d + r = 2*d. What is the greatest common factor of 20 and d?
10
Let q = 5 + 2. Let f be 4 + 2 + (-64 - -72). What is the highest common factor of q and f?
7
Let l = 367 + -304. Calculate the greatest common factor of 441 and l.
63
Let g be ((3 - 2)/3)/((-8)/(-48)). Let q be ((-5)/((-5)/(-6)))/(-2). Suppose -q*b + b + 8 = 0. What is the greatest common divisor of b and g?
2
Suppose 2*n = 3*w + n - 360, w = -5*n + 104. Calculate the highest common factor of 77 and w.
7
Suppose -130 = -2*d + 118. What is the greatest common factor of d and 4?
4
Let w(g) = 813*g - 6. Let r(l) = 116*l - 1. Let v(a) = 15*r(a) - 2*w(a). Let m be v(2). Calculate the highest common divisor of m and 25.
25
Let y be -1 - -1 - 220/(-4). Let f be (704/80)/(2/10). Suppose 3*z - f = -11. Calculate the greatest common factor of y and z.
11
Let n = 798 + -760. Calculate the greatest common factor of 874 and n.
38
Let y(l) = l**2 - l + 3. Let u be y(0). Suppose -u*a - 351 = -0*a. Let p be a*(1 + -2)*1. What is the greatest common factor of p and 13?
13
Let b = 1588 - 1575. What is the highest common factor of 2327 and b?
13
Let k be (-6)/3 + (-4)/(-1). Suppose 6*h = k*h - 388. Let a = h + 145. What is the greatest common divisor of 120 and a?
24
Suppose 2955*h = 2938*h + 612. Let t(l) = -5*l**3 - 2*l**2 - 3*l - 2. Let s be t(-2). Calculate the greatest common divisor of h and s.
36
Let m be 147/21 - (